{"id":364,"date":"2021-05-29T15:59:55","date_gmt":"2021-05-29T13:59:55","guid":{"rendered":"https:\/\/selecla.fr\/?post_type=product&#038;p=364"},"modified":"2024-10-16T14:04:40","modified_gmt":"2024-10-16T12:04:40","slug":"demaquillant-et-nettoyant-douceur","status":"publish","type":"product","link":"https:\/\/selecla.fr\/index.php\/produit\/demaquillant-et-nettoyant-douceur\/","title":{"rendered":"D\u00e9maquillant et nettoyant douceur"},"content":{"rendered":"<ol>\n<li><\/li>\n<\/ol>\n<p><span style=\"color: #f29052;\"><strong>D\u00e9maquillant et nettoyant douceur \u00e0 l&rsquo;huile d&rsquo;avocat\u00a0<\/strong><\/span><\/p>\n<p><strong>Pr\u00e9sentation<\/strong><\/p>\n<p>Ce d\u00e9maquillant visage est une lotion biphas\u00e9e enrichie en huile v\u00e9g\u00e9tale d&rsquo;avocat particuli\u00e8rement adapt\u00e9e au\u00a0 d\u00e9maquillage. I<span style=\"font-size: 1rem;\">l se compose d&rsquo;un m\u00e9lange de 3 hydrolats qui lui conf\u00e8rent un caract\u00e8re hydratant et rafra\u00eechissant :<\/span><\/p>\n<p><strong><span style=\"color: #339966;\">L&rsquo;huile v\u00e9g\u00e9tale d&rsquo;avocat\u00a0<\/span><\/strong> est nourrissante et <span style=\"font-size: 1rem;\">assouplissante. Elle est id\u00e9ale pour hydrater et r\u00e9g\u00e9n\u00e9rer la peau.\u00a0<\/span><\/p>\n<p><strong><span style=\"color: #339966;\">L&rsquo;hydrolat de menthe poivr\u00e9e <\/span><\/strong><span style=\"color: #339966;\"><span style=\"color: #000000;\">est un actif <\/span><\/span><span style=\"color: #000000;\">purifiant et rafra\u00eechissant.<\/span><\/p>\n<p><strong><span style=\"color: #339966;\">L&rsquo;hydrolat de g\u00e9ranium<\/span><\/strong> est un hydrolat aux propri\u00e9t\u00e9s apaisantes.<\/p>\n<p><strong><span style=\"color: #339966;\">L&rsquo;hydrolat de lavande <\/span><\/strong>est un r\u00e9g\u00e9n\u00e9rant cutan\u00e9 qui apaise les peaux sensibles.<\/p>\n<p><strong>Profil<\/strong><\/p>\n<p>Texture : g\u00e9lifi\u00e9e<\/p>\n<p>Odeur :\u00a0 d\u00e9licate et florale<\/p>\n<p>Type de peaux : tous types de peaux<\/p>\n<p>Vertus des huiles : <span style=\"font-size: 1rem;\">Nourrissantes \/ hydratantes<\/span><\/p>\n<p><strong>Conseils d&rsquo;utilisation\u00a0<\/strong><\/p>\n<p>Agitez avant utilisation.<\/p>\n<p>D\u00e9posez deux noisettes de gel\u00e9e d\u00e9maquillante sur coton, et appliquez\u00a0 les sur le visage puis massez d\u00e9licatement.<\/p>\n<p>Appliquez matin et \/ ou soir sur le visage.<\/p>\n<p><strong>Composition<\/strong><\/p>\n<p>INCI : Mentha piperita leaf water*, pelargonium graveolens floral water*,fine lavender floral water*, glycerin<sup>1<\/sup>, dicaprylyl ether, sesamum indicum seed oil*, persea gratissima oil *, xanthane gum, tocopherol, deshydroacetic acid, benzyl alcohol, aqua.<\/p>\n<p><span style=\"font-size: 1rem;\">*\u00a0 Ingr\u00e9dients issus de l&rsquo;agriculture biologique<\/span><\/p>\n<p><sup>1 <\/sup>Fabriqu\u00e9 \u00e0 partir d\u2019ingr\u00e9dients biologiques<\/p>\n<p>98,9 % du total des ingr\u00e9dients sont d&rsquo;origine naturelle<\/p>\n<p>92,3 % du total des ingr\u00e9dients issus de l&rsquo;Agriculture Biologique<\/p>\n","protected":false},"excerpt":{"rendered":"<p>Parfait pour d\u00e9maquiller en douceur et efficacement les yeux sensibles et l\u2019ensemble du visage. La peau est nettoy\u00e9e et hydrat\u00e9e du fait de la pr\u00e9sence d\u2019huile v\u00e9g\u00e9tale d\u2019Avocat.<\/p>\n<p>Volume : 100 ml<\/p>\n","protected":false},"featured_media":859,"comment_status":"open","ping_status":"closed","template":"","meta":[],"product_brand":[],"product_cat":[23,24],"product_tag":[],"class_list":{"0":"post-364","1":"product","2":"type-product","3":"status-publish","4":"has-post-thumbnail","6":"product_cat-soins-du-visage","7":"product_cat-tous-les-soins","9":"first","10":"instock","11":"shipping-taxable","12":"purchasable","13":"product-type-simple"},"yoast_head":"<!-- This site is optimized with the Yoast SEO plugin v27.4 - https:\/\/yoast.com\/product\/yoast-seo-wordpress\/ -->\n<title>D\u00e9maquillant et nettoyant douceur - Cr\u00e9atrice et fabricante de produits de beaut\u00e9<\/title>\n<meta name=\"robots\" content=\"index, follow, max-snippet:-1, max-image-preview:large, max-video-preview:-1\" \/>\n<link rel=\"canonical\" href=\"https:\/\/selecla.fr\/index.php\/produit\/demaquillant-et-nettoyant-douceur\/\" \/>\n<meta property=\"og:locale\" content=\"fr_FR\" \/>\n<meta property=\"og:type\" content=\"article\" \/>\n<meta property=\"og:title\" content=\"D\u00e9maquillant et nettoyant douceur - Cr\u00e9atrice et fabricante de produits de beaut\u00e9\" \/>\n<meta property=\"og:description\" content=\"Parfait pour d\u00e9maquiller en douceur et efficacement les yeux sensibles et l\u2019ensemble du visage. La peau est nettoy\u00e9e et hydrat\u00e9e du fait de la pr\u00e9sence d\u2019huile v\u00e9g\u00e9tale d\u2019Avocat.  Volume : 100 ml\" \/>\n<meta property=\"og:url\" content=\"https:\/\/selecla.fr\/index.php\/produit\/demaquillant-et-nettoyant-douceur\/\" \/>\n<meta property=\"og:site_name\" content=\"Cr\u00e9atrice et fabricante de produits de beaut\u00e9\" \/>\n<meta property=\"article:modified_time\" content=\"2024-10-16T12:04:40+00:00\" \/>\n<meta property=\"og:image\" content=\"https:\/\/selecla.fr\/wp-content\/uploads\/2024\/01\/2024012212550694.jpg\" \/>\n\t<meta property=\"og:image:width\" content=\"1024\" \/>\n\t<meta property=\"og:image:height\" content=\"1024\" \/>\n\t<meta property=\"og:image:type\" content=\"image\/jpeg\" \/>\n<meta name=\"twitter:card\" content=\"summary_large_image\" \/>\n<meta name=\"twitter:label1\" content=\"Dur\u00e9e de lecture estim\u00e9e\" \/>\n\t<meta name=\"twitter:data1\" content=\"2 minutes\" \/>\n<script type=\"application\/ld+json\" class=\"yoast-schema-graph\">{\"@context\":\"https:\\\/\\\/schema.org\",\"@graph\":[{\"@type\":\"WebPage\",\"@id\":\"https:\\\/\\\/selecla.fr\\\/index.php\\\/produit\\\/demaquillant-et-nettoyant-douceur\\\/\",\"url\":\"https:\\\/\\\/selecla.fr\\\/index.php\\\/produit\\\/demaquillant-et-nettoyant-douceur\\\/\",\"name\":\"D\u00e9maquillant et nettoyant douceur - Cr\u00e9atrice et fabricante de produits de beaut\u00e9\",\"isPartOf\":{\"@id\":\"https:\\\/\\\/selecla.fr\\\/#website\"},\"primaryImageOfPage\":{\"@id\":\"https:\\\/\\\/selecla.fr\\\/index.php\\\/produit\\\/demaquillant-et-nettoyant-douceur\\\/#primaryimage\"},\"image\":{\"@id\":\"https:\\\/\\\/selecla.fr\\\/index.php\\\/produit\\\/demaquillant-et-nettoyant-douceur\\\/#primaryimage\"},\"thumbnailUrl\":\"https:\\\/\\\/i0.wp.com\\\/selecla.fr\\\/wp-content\\\/uploads\\\/2024\\\/01\\\/2024012212550694.jpg?fit=1024%2C1024&ssl=1\",\"datePublished\":\"2021-05-29T13:59:55+00:00\",\"dateModified\":\"2024-10-16T12:04:40+00:00\",\"breadcrumb\":{\"@id\":\"https:\\\/\\\/selecla.fr\\\/index.php\\\/produit\\\/demaquillant-et-nettoyant-douceur\\\/#breadcrumb\"},\"inLanguage\":\"fr-FR\",\"potentialAction\":[{\"@type\":\"ReadAction\",\"target\":[\"https:\\\/\\\/selecla.fr\\\/index.php\\\/produit\\\/demaquillant-et-nettoyant-douceur\\\/\"]}]},{\"@type\":\"ImageObject\",\"inLanguage\":\"fr-FR\",\"@id\":\"https:\\\/\\\/selecla.fr\\\/index.php\\\/produit\\\/demaquillant-et-nettoyant-douceur\\\/#primaryimage\",\"url\":\"https:\\\/\\\/i0.wp.com\\\/selecla.fr\\\/wp-content\\\/uploads\\\/2024\\\/01\\\/2024012212550694.jpg?fit=1024%2C1024&ssl=1\",\"contentUrl\":\"https:\\\/\\\/i0.wp.com\\\/selecla.fr\\\/wp-content\\\/uploads\\\/2024\\\/01\\\/2024012212550694.jpg?fit=1024%2C1024&ssl=1\",\"width\":1024,\"height\":1024},{\"@type\":\"BreadcrumbList\",\"@id\":\"https:\\\/\\\/selecla.fr\\\/index.php\\\/produit\\\/demaquillant-et-nettoyant-douceur\\\/#breadcrumb\",\"itemListElement\":[{\"@type\":\"ListItem\",\"position\":1,\"name\":\"Boutique\",\"item\":\"https:\\\/\\\/selecla.fr\\\/\"},{\"@type\":\"ListItem\",\"position\":2,\"name\":\"LA BOUTIQUE\",\"item\":\"https:\\\/\\\/selecla.fr\\\/\"},{\"@type\":\"ListItem\",\"position\":3,\"name\":\"D\u00e9maquillant et nettoyant douceur\"}]},{\"@type\":\"WebSite\",\"@id\":\"https:\\\/\\\/selecla.fr\\\/#website\",\"url\":\"https:\\\/\\\/selecla.fr\\\/\",\"name\":\"Cr\u00e9atrice et fabricante de produits de beaut\u00e9\",\"description\":\"Fabrication artisanale   en Provence\",\"publisher\":{\"@id\":\"https:\\\/\\\/selecla.fr\\\/#organization\"},\"potentialAction\":[{\"@type\":\"SearchAction\",\"target\":{\"@type\":\"EntryPoint\",\"urlTemplate\":\"https:\\\/\\\/selecla.fr\\\/?s={search_term_string}\"},\"query-input\":{\"@type\":\"PropertyValueSpecification\",\"valueRequired\":true,\"valueName\":\"search_term_string\"}}],\"inLanguage\":\"fr-FR\"},{\"@type\":\"Organization\",\"@id\":\"https:\\\/\\\/selecla.fr\\\/#organization\",\"name\":\"Cr\u00e9atrice et fabricante de produits de beaut\u00e9\",\"url\":\"https:\\\/\\\/selecla.fr\\\/\",\"logo\":{\"@type\":\"ImageObject\",\"inLanguage\":\"fr-FR\",\"@id\":\"https:\\\/\\\/selecla.fr\\\/#\\\/schema\\\/logo\\\/image\\\/\",\"url\":\"https:\\\/\\\/i0.wp.com\\\/selecla.fr\\\/wp-content\\\/uploads\\\/2025\\\/12\\\/cropped-SELECLA_LOGO_WHITE_2048_CROP.png?fit=747%2C250&ssl=1\",\"contentUrl\":\"https:\\\/\\\/i0.wp.com\\\/selecla.fr\\\/wp-content\\\/uploads\\\/2025\\\/12\\\/cropped-SELECLA_LOGO_WHITE_2048_CROP.png?fit=747%2C250&ssl=1\",\"width\":747,\"height\":250,\"caption\":\"Cr\u00e9atrice et fabricante de produits de beaut\u00e9\"},\"image\":{\"@id\":\"https:\\\/\\\/selecla.fr\\\/#\\\/schema\\\/logo\\\/image\\\/\"}}]}<\/script>\n<!-- \/ Yoast SEO plugin. -->","yoast_head_json":{"title":"D\u00e9maquillant et nettoyant douceur - Cr\u00e9atrice et fabricante de produits de beaut\u00e9","robots":{"index":"index","follow":"follow","max-snippet":"max-snippet:-1","max-image-preview":"max-image-preview:large","max-video-preview":"max-video-preview:-1"},"canonical":"https:\/\/selecla.fr\/index.php\/produit\/demaquillant-et-nettoyant-douceur\/","og_locale":"fr_FR","og_type":"article","og_title":"D\u00e9maquillant et nettoyant douceur - Cr\u00e9atrice et fabricante de produits de beaut\u00e9","og_description":"Parfait pour d\u00e9maquiller en douceur et efficacement les yeux sensibles et l\u2019ensemble du visage. La peau est nettoy\u00e9e et hydrat\u00e9e du fait de la pr\u00e9sence d\u2019huile v\u00e9g\u00e9tale d\u2019Avocat.  Volume : 100 ml","og_url":"https:\/\/selecla.fr\/index.php\/produit\/demaquillant-et-nettoyant-douceur\/","og_site_name":"Cr\u00e9atrice et fabricante de produits de beaut\u00e9","article_modified_time":"2024-10-16T12:04:40+00:00","og_image":[{"width":1024,"height":1024,"url":"https:\/\/selecla.fr\/wp-content\/uploads\/2024\/01\/2024012212550694.jpg","type":"image\/jpeg"}],"twitter_card":"summary_large_image","twitter_misc":{"Dur\u00e9e de lecture estim\u00e9e":"2 minutes"},"schema":{"@context":"https:\/\/schema.org","@graph":[{"@type":"WebPage","@id":"https:\/\/selecla.fr\/index.php\/produit\/demaquillant-et-nettoyant-douceur\/","url":"https:\/\/selecla.fr\/index.php\/produit\/demaquillant-et-nettoyant-douceur\/","name":"D\u00e9maquillant et nettoyant douceur - Cr\u00e9atrice et fabricante de produits de beaut\u00e9","isPartOf":{"@id":"https:\/\/selecla.fr\/#website"},"primaryImageOfPage":{"@id":"https:\/\/selecla.fr\/index.php\/produit\/demaquillant-et-nettoyant-douceur\/#primaryimage"},"image":{"@id":"https:\/\/selecla.fr\/index.php\/produit\/demaquillant-et-nettoyant-douceur\/#primaryimage"},"thumbnailUrl":"https:\/\/i0.wp.com\/selecla.fr\/wp-content\/uploads\/2024\/01\/2024012212550694.jpg?fit=1024%2C1024&ssl=1","datePublished":"2021-05-29T13:59:55+00:00","dateModified":"2024-10-16T12:04:40+00:00","breadcrumb":{"@id":"https:\/\/selecla.fr\/index.php\/produit\/demaquillant-et-nettoyant-douceur\/#breadcrumb"},"inLanguage":"fr-FR","potentialAction":[{"@type":"ReadAction","target":["https:\/\/selecla.fr\/index.php\/produit\/demaquillant-et-nettoyant-douceur\/"]}]},{"@type":"ImageObject","inLanguage":"fr-FR","@id":"https:\/\/selecla.fr\/index.php\/produit\/demaquillant-et-nettoyant-douceur\/#primaryimage","url":"https:\/\/i0.wp.com\/selecla.fr\/wp-content\/uploads\/2024\/01\/2024012212550694.jpg?fit=1024%2C1024&ssl=1","contentUrl":"https:\/\/i0.wp.com\/selecla.fr\/wp-content\/uploads\/2024\/01\/2024012212550694.jpg?fit=1024%2C1024&ssl=1","width":1024,"height":1024},{"@type":"BreadcrumbList","@id":"https:\/\/selecla.fr\/index.php\/produit\/demaquillant-et-nettoyant-douceur\/#breadcrumb","itemListElement":[{"@type":"ListItem","position":1,"name":"Boutique","item":"https:\/\/selecla.fr\/"},{"@type":"ListItem","position":2,"name":"LA BOUTIQUE","item":"https:\/\/selecla.fr\/"},{"@type":"ListItem","position":3,"name":"D\u00e9maquillant et nettoyant douceur"}]},{"@type":"WebSite","@id":"https:\/\/selecla.fr\/#website","url":"https:\/\/selecla.fr\/","name":"Cr\u00e9atrice et fabricante de produits de beaut\u00e9","description":"Fabrication artisanale   en Provence","publisher":{"@id":"https:\/\/selecla.fr\/#organization"},"potentialAction":[{"@type":"SearchAction","target":{"@type":"EntryPoint","urlTemplate":"https:\/\/selecla.fr\/?s={search_term_string}"},"query-input":{"@type":"PropertyValueSpecification","valueRequired":true,"valueName":"search_term_string"}}],"inLanguage":"fr-FR"},{"@type":"Organization","@id":"https:\/\/selecla.fr\/#organization","name":"Cr\u00e9atrice et fabricante de produits de beaut\u00e9","url":"https:\/\/selecla.fr\/","logo":{"@type":"ImageObject","inLanguage":"fr-FR","@id":"https:\/\/selecla.fr\/#\/schema\/logo\/image\/","url":"https:\/\/i0.wp.com\/selecla.fr\/wp-content\/uploads\/2025\/12\/cropped-SELECLA_LOGO_WHITE_2048_CROP.png?fit=747%2C250&ssl=1","contentUrl":"https:\/\/i0.wp.com\/selecla.fr\/wp-content\/uploads\/2025\/12\/cropped-SELECLA_LOGO_WHITE_2048_CROP.png?fit=747%2C250&ssl=1","width":747,"height":250,"caption":"Cr\u00e9atrice et fabricante de produits de beaut\u00e9"},"image":{"@id":"https:\/\/selecla.fr\/#\/schema\/logo\/image\/"}}]}},"jetpack_sharing_enabled":true,"_links":{"self":[{"href":"https:\/\/selecla.fr\/index.php\/wp-json\/wp\/v2\/product\/364","targetHints":{"allow":["GET"]}}],"collection":[{"href":"https:\/\/selecla.fr\/index.php\/wp-json\/wp\/v2\/product"}],"about":[{"href":"https:\/\/selecla.fr\/index.php\/wp-json\/wp\/v2\/types\/product"}],"replies":[{"embeddable":true,"href":"https:\/\/selecla.fr\/index.php\/wp-json\/wp\/v2\/comments?post=364"}],"wp:featuredmedia":[{"embeddable":true,"href":"https:\/\/selecla.fr\/index.php\/wp-json\/wp\/v2\/media\/859"}],"wp:attachment":[{"href":"https:\/\/selecla.fr\/index.php\/wp-json\/wp\/v2\/media?parent=364"}],"wp:term":[{"taxonomy":"product_brand","embeddable":true,"href":"https:\/\/selecla.fr\/index.php\/wp-json\/wp\/v2\/product_brand?post=364"},{"taxonomy":"product_cat","embeddable":true,"href":"https:\/\/selecla.fr\/index.php\/wp-json\/wp\/v2\/product_cat?post=364"},{"taxonomy":"product_tag","embeddable":true,"href":"https:\/\/selecla.fr\/index.php\/wp-json\/wp\/v2\/product_tag?post=364"}],"curies":[{"name":"wp","href":"https:\/\/api.w.org\/{rel}","templated":true}]}}