{"id":779,"date":"2023-05-10T08:36:51","date_gmt":"2023-05-10T06:36:51","guid":{"rendered":"https:\/\/selecla.fr\/?post_type=product&#038;p=779"},"modified":"2025-03-25T19:14:48","modified_gmt":"2025-03-25T18:14:48","slug":"creme-visage-a-lhuile-de-noyau-dabricot-et-a-la-rose","status":"publish","type":"product","link":"https:\/\/selecla.fr\/index.php\/produit\/creme-visage-a-lhuile-de-noyau-dabricot-et-a-la-rose\/","title":{"rendered":"Cr\u00e8me visage soyeuse \u00e0 l\u2019huile de noyau d&rsquo;abricot et \u00e0 la rose"},"content":{"rendered":"<h2><\/h2>\n<p><span style=\"color: #f29052;\"><strong>Cr\u00e8me visage soyeuse \u00e0 l&rsquo;huile de noyau d&rsquo;abricot hydratante<\/strong><\/span><\/p>\n<p><strong>Pr\u00e9sentation<\/strong><\/p>\n<p>Cette cr\u00e8me visage est compos\u00e9 de 2 huiles v\u00e9g\u00e9tales pr\u00e9cieuses de qualit\u00e9 biologique aux multiples vertus et d&rsquo;hydrolat de rose :<\/p>\n<p><strong><span style=\"color: #339966;\">L&rsquo;huile v\u00e9g\u00e9tale de noyau d&rsquo;abricot <\/span><\/strong>est une huile aux propri\u00e9t\u00e9s hydratante et nourrissantes particuli\u00e8rement adapt\u00e9e aux peaux s\u00e8ches et matures. Gr\u00e2ce \u00e0 sa richesse en carot\u00e9no\u00efde, l&rsquo;huile de noyaux d&rsquo;abricot illumine le teint.<\/p>\n<p><strong><span style=\"color: #339966;\">L&rsquo;huile v\u00e9g\u00e9tale de jojoba<\/span><\/strong> assouplit la peau; elle est excellente pour pr\u00e9venir et lutter contre le vieillissement de la peau.<\/p>\n<p><strong><span style=\"color: #339966;\">L&rsquo;hydrolat de rose <\/span><\/strong>\u00a0permet de pr\u00e9venir et lutter contre les signes du vieillissement cutan\u00e9 tout en diffusant un parfum floral.<\/p>\n<p><img data-recalc-dims=\"1\" loading=\"lazy\" decoding=\"async\" class=\"alignleft wp-image-341\" src=\"https:\/\/i0.wp.com\/selecla.fr\/wp-content\/uploads\/2021\/05\/IMG_9544.jpg?resize=186%2C186&#038;ssl=1\" alt=\"\" width=\"186\" height=\"186\" srcset=\"https:\/\/i0.wp.com\/selecla.fr\/wp-content\/uploads\/2021\/05\/IMG_9544-scaled.jpg?resize=150%2C150&amp;ssl=1 150w, https:\/\/i0.wp.com\/selecla.fr\/wp-content\/uploads\/2021\/05\/IMG_9544-scaled.jpg?resize=100%2C100&amp;ssl=1 100w, https:\/\/i0.wp.com\/selecla.fr\/wp-content\/uploads\/2021\/05\/IMG_9544-scaled.jpg?resize=250%2C250&amp;ssl=1 250w, https:\/\/i0.wp.com\/selecla.fr\/wp-content\/uploads\/2021\/05\/IMG_9544-scaled.jpg?zoom=2&amp;resize=186%2C186&amp;ssl=1 372w, https:\/\/i0.wp.com\/selecla.fr\/wp-content\/uploads\/2021\/05\/IMG_9544-scaled.jpg?zoom=3&amp;resize=186%2C186&amp;ssl=1 558w\" sizes=\"auto, (max-width: 186px) 100vw, 186px\" \/><\/p>\n<p><strong>Profil<\/strong><\/p>\n<p>Texture : soyeuse et p\u00e9n\u00e9trante<\/p>\n<p>Odeur :\u00a0 floral<\/p>\n<p>Type de peaux : tout type de peau et \u00e0 tendance s\u00e8che<\/p>\n<p>Bienfaits des huiles :\u00a0 Hydratantes\/ <span style=\"font-size: 1rem;\">Anti-\u00e2ge<\/span><\/p>\n<p><a href=\"https:\/\/selecla.fr\/index.php\/page-d-exemple\/\">Les huiles v\u00e9g\u00e9tales\u00a0 en cosm\u00e9tique : bienfaits et utilisations\u00a0<\/a><\/p>\n<p><strong>Conseils d\u2019utilisation\u00a0<\/strong><\/p>\n<p>D\u00e9poser une noisette de cr\u00e8me dans le creux de la main, et appliquer\u00a0 la sur le visage puis massez d\u00e9licatement jusqu\u2019\u00e0 p\u00e9n\u00e9tration du produit.<\/p>\n<p>Appliquez matin et \/ ou soir sur un visage parfaitement nettoy\u00e9.<\/p>\n<p><strong>Composition<\/strong><\/p>\n<p>INCI : Rosa damascena flower water*, , prunus armeniaca kernel oil*,\u00a0<span style=\"font-size: 1rem;\">simmondsia chinensis seed oil*, cetearyl olivate, sorbitan olivate, <\/span><span style=\"font-size: 1rem;\">glycerin<\/span><sup>1 <\/sup><span style=\"font-size: 1rem;\">, <\/span><span style=\"font-size: 1rem;\">\u00a0\u00a0<\/span><span style=\"font-size: 1rem;\">xylitylglucoside, aqua, anydroxylitol, xanthane gum, cera alba, xylitol, tocopherol, deshydroacetic acid, benzyl alcohol, hydroyde de sodium .<\/span><\/p>\n<p>*\u00a0 Ingr\u00e9dients issus de l\u2019agriculture biologique<\/p>\n<p><sup>1 <\/sup>Fabriqu\u00e9 \u00e0 partir d\u2019ingr\u00e9dients biologiques<\/p>\n<p>99% du total des ingr\u00e9dients sont d\u2019origine naturelle<\/p>\n<p>89 % du total des ingr\u00e9dients issus de l\u2019Agriculture Biologique<\/p>\n<p>&nbsp;<\/p>\n","protected":false},"excerpt":{"rendered":"<p><span style=\"color: #000000;\">cr\u00e8me soyeuse, au toucher l\u00e9ger qui apporte de la souplesse et du confort aux peaux normales mais \u00e9galement adapt\u00e9e aux peaux mixtes \u00e0 tendance grasse.<\/span><\/p>\n<p>Cr\u00e8me douceur \u00e0 la rose et \u00e0 l&rsquo;huile d&rsquo;abricot hydratante.<\/p>\n<p>Volume : 30 ml<\/p>\n","protected":false},"featured_media":842,"comment_status":"open","ping_status":"closed","template":"","meta":[],"product_brand":[],"product_cat":[23,24],"product_tag":[],"class_list":{"0":"post-779","1":"product","2":"type-product","3":"status-publish","4":"has-post-thumbnail","6":"product_cat-soins-du-visage","7":"product_cat-tous-les-soins","9":"first","10":"instock","11":"shipping-taxable","12":"purchasable","13":"product-type-simple"},"yoast_head":"<!-- This site is optimized with the Yoast SEO plugin v27.4 - https:\/\/yoast.com\/product\/yoast-seo-wordpress\/ -->\n<title>Cr\u00e8me visage soyeuse \u00e0 l\u2019huile de noyau d&#039;abricot et \u00e0 la rose - Cr\u00e9atrice et fabricante de produits de beaut\u00e9<\/title>\n<meta name=\"robots\" content=\"index, follow, max-snippet:-1, max-image-preview:large, max-video-preview:-1\" \/>\n<link rel=\"canonical\" href=\"https:\/\/selecla.fr\/index.php\/produit\/creme-visage-a-lhuile-de-noyau-dabricot-et-a-la-rose\/\" \/>\n<meta property=\"og:locale\" content=\"fr_FR\" \/>\n<meta property=\"og:type\" content=\"article\" \/>\n<meta property=\"og:title\" content=\"Cr\u00e8me visage soyeuse \u00e0 l\u2019huile de noyau d&#039;abricot et \u00e0 la rose - Cr\u00e9atrice et fabricante de produits de beaut\u00e9\" \/>\n<meta property=\"og:description\" content=\"cr\u00e8me soyeuse, au toucher l\u00e9ger qui apporte de la souplesse et du confort aux peaux normales mais \u00e9galement adapt\u00e9e aux peaux mixtes \u00e0 tendance grasse.  Cr\u00e8me douceur \u00e0 la rose et \u00e0 l&#039;huile d&#039;abricot hydratante.  Volume : 30 ml\" \/>\n<meta property=\"og:url\" content=\"https:\/\/selecla.fr\/index.php\/produit\/creme-visage-a-lhuile-de-noyau-dabricot-et-a-la-rose\/\" \/>\n<meta property=\"og:site_name\" content=\"Cr\u00e9atrice et fabricante de produits de beaut\u00e9\" \/>\n<meta property=\"article:modified_time\" content=\"2025-03-25T18:14:48+00:00\" \/>\n<meta property=\"og:image\" content=\"https:\/\/selecla.fr\/wp-content\/uploads\/2024\/01\/2024011711450981.jpg\" \/>\n\t<meta property=\"og:image:width\" content=\"1024\" \/>\n\t<meta property=\"og:image:height\" content=\"1024\" \/>\n\t<meta property=\"og:image:type\" content=\"image\/jpeg\" \/>\n<meta name=\"twitter:card\" content=\"summary_large_image\" \/>\n<meta name=\"twitter:label1\" content=\"Dur\u00e9e de lecture estim\u00e9e\" \/>\n\t<meta name=\"twitter:data1\" content=\"2 minutes\" \/>\n<script type=\"application\/ld+json\" class=\"yoast-schema-graph\">{\"@context\":\"https:\\\/\\\/schema.org\",\"@graph\":[{\"@type\":\"WebPage\",\"@id\":\"https:\\\/\\\/selecla.fr\\\/index.php\\\/produit\\\/creme-visage-a-lhuile-de-noyau-dabricot-et-a-la-rose\\\/\",\"url\":\"https:\\\/\\\/selecla.fr\\\/index.php\\\/produit\\\/creme-visage-a-lhuile-de-noyau-dabricot-et-a-la-rose\\\/\",\"name\":\"Cr\u00e8me visage soyeuse \u00e0 l\u2019huile de noyau d'abricot et \u00e0 la rose - Cr\u00e9atrice et fabricante de produits de beaut\u00e9\",\"isPartOf\":{\"@id\":\"https:\\\/\\\/selecla.fr\\\/#website\"},\"primaryImageOfPage\":{\"@id\":\"https:\\\/\\\/selecla.fr\\\/index.php\\\/produit\\\/creme-visage-a-lhuile-de-noyau-dabricot-et-a-la-rose\\\/#primaryimage\"},\"image\":{\"@id\":\"https:\\\/\\\/selecla.fr\\\/index.php\\\/produit\\\/creme-visage-a-lhuile-de-noyau-dabricot-et-a-la-rose\\\/#primaryimage\"},\"thumbnailUrl\":\"https:\\\/\\\/i0.wp.com\\\/selecla.fr\\\/wp-content\\\/uploads\\\/2024\\\/01\\\/2024011711450981.jpg?fit=1024%2C1024&ssl=1\",\"datePublished\":\"2023-05-10T06:36:51+00:00\",\"dateModified\":\"2025-03-25T18:14:48+00:00\",\"breadcrumb\":{\"@id\":\"https:\\\/\\\/selecla.fr\\\/index.php\\\/produit\\\/creme-visage-a-lhuile-de-noyau-dabricot-et-a-la-rose\\\/#breadcrumb\"},\"inLanguage\":\"fr-FR\",\"potentialAction\":[{\"@type\":\"ReadAction\",\"target\":[\"https:\\\/\\\/selecla.fr\\\/index.php\\\/produit\\\/creme-visage-a-lhuile-de-noyau-dabricot-et-a-la-rose\\\/\"]}]},{\"@type\":\"ImageObject\",\"inLanguage\":\"fr-FR\",\"@id\":\"https:\\\/\\\/selecla.fr\\\/index.php\\\/produit\\\/creme-visage-a-lhuile-de-noyau-dabricot-et-a-la-rose\\\/#primaryimage\",\"url\":\"https:\\\/\\\/i0.wp.com\\\/selecla.fr\\\/wp-content\\\/uploads\\\/2024\\\/01\\\/2024011711450981.jpg?fit=1024%2C1024&ssl=1\",\"contentUrl\":\"https:\\\/\\\/i0.wp.com\\\/selecla.fr\\\/wp-content\\\/uploads\\\/2024\\\/01\\\/2024011711450981.jpg?fit=1024%2C1024&ssl=1\",\"width\":1024,\"height\":1024},{\"@type\":\"BreadcrumbList\",\"@id\":\"https:\\\/\\\/selecla.fr\\\/index.php\\\/produit\\\/creme-visage-a-lhuile-de-noyau-dabricot-et-a-la-rose\\\/#breadcrumb\",\"itemListElement\":[{\"@type\":\"ListItem\",\"position\":1,\"name\":\"Boutique\",\"item\":\"https:\\\/\\\/selecla.fr\\\/\"},{\"@type\":\"ListItem\",\"position\":2,\"name\":\"LA BOUTIQUE\",\"item\":\"https:\\\/\\\/selecla.fr\\\/\"},{\"@type\":\"ListItem\",\"position\":3,\"name\":\"Cr\u00e8me visage soyeuse \u00e0 l\u2019huile de noyau d&rsquo;abricot et \u00e0 la rose\"}]},{\"@type\":\"WebSite\",\"@id\":\"https:\\\/\\\/selecla.fr\\\/#website\",\"url\":\"https:\\\/\\\/selecla.fr\\\/\",\"name\":\"Cr\u00e9atrice et fabricante de produits de beaut\u00e9\",\"description\":\"Fabrication artisanale   en Provence\",\"publisher\":{\"@id\":\"https:\\\/\\\/selecla.fr\\\/#organization\"},\"potentialAction\":[{\"@type\":\"SearchAction\",\"target\":{\"@type\":\"EntryPoint\",\"urlTemplate\":\"https:\\\/\\\/selecla.fr\\\/?s={search_term_string}\"},\"query-input\":{\"@type\":\"PropertyValueSpecification\",\"valueRequired\":true,\"valueName\":\"search_term_string\"}}],\"inLanguage\":\"fr-FR\"},{\"@type\":\"Organization\",\"@id\":\"https:\\\/\\\/selecla.fr\\\/#organization\",\"name\":\"Cr\u00e9atrice et fabricante de produits de beaut\u00e9\",\"url\":\"https:\\\/\\\/selecla.fr\\\/\",\"logo\":{\"@type\":\"ImageObject\",\"inLanguage\":\"fr-FR\",\"@id\":\"https:\\\/\\\/selecla.fr\\\/#\\\/schema\\\/logo\\\/image\\\/\",\"url\":\"https:\\\/\\\/i0.wp.com\\\/selecla.fr\\\/wp-content\\\/uploads\\\/2025\\\/12\\\/cropped-SELECLA_LOGO_WHITE_2048_CROP.png?fit=747%2C250&ssl=1\",\"contentUrl\":\"https:\\\/\\\/i0.wp.com\\\/selecla.fr\\\/wp-content\\\/uploads\\\/2025\\\/12\\\/cropped-SELECLA_LOGO_WHITE_2048_CROP.png?fit=747%2C250&ssl=1\",\"width\":747,\"height\":250,\"caption\":\"Cr\u00e9atrice et fabricante de produits de beaut\u00e9\"},\"image\":{\"@id\":\"https:\\\/\\\/selecla.fr\\\/#\\\/schema\\\/logo\\\/image\\\/\"}}]}<\/script>\n<!-- \/ Yoast SEO plugin. -->","yoast_head_json":{"title":"Cr\u00e8me visage soyeuse \u00e0 l\u2019huile de noyau d'abricot et \u00e0 la rose - Cr\u00e9atrice et fabricante de produits de beaut\u00e9","robots":{"index":"index","follow":"follow","max-snippet":"max-snippet:-1","max-image-preview":"max-image-preview:large","max-video-preview":"max-video-preview:-1"},"canonical":"https:\/\/selecla.fr\/index.php\/produit\/creme-visage-a-lhuile-de-noyau-dabricot-et-a-la-rose\/","og_locale":"fr_FR","og_type":"article","og_title":"Cr\u00e8me visage soyeuse \u00e0 l\u2019huile de noyau d'abricot et \u00e0 la rose - Cr\u00e9atrice et fabricante de produits de beaut\u00e9","og_description":"cr\u00e8me soyeuse, au toucher l\u00e9ger qui apporte de la souplesse et du confort aux peaux normales mais \u00e9galement adapt\u00e9e aux peaux mixtes \u00e0 tendance grasse.  Cr\u00e8me douceur \u00e0 la rose et \u00e0 l'huile d'abricot hydratante.  Volume : 30 ml","og_url":"https:\/\/selecla.fr\/index.php\/produit\/creme-visage-a-lhuile-de-noyau-dabricot-et-a-la-rose\/","og_site_name":"Cr\u00e9atrice et fabricante de produits de beaut\u00e9","article_modified_time":"2025-03-25T18:14:48+00:00","og_image":[{"width":1024,"height":1024,"url":"https:\/\/selecla.fr\/wp-content\/uploads\/2024\/01\/2024011711450981.jpg","type":"image\/jpeg"}],"twitter_card":"summary_large_image","twitter_misc":{"Dur\u00e9e de lecture estim\u00e9e":"2 minutes"},"schema":{"@context":"https:\/\/schema.org","@graph":[{"@type":"WebPage","@id":"https:\/\/selecla.fr\/index.php\/produit\/creme-visage-a-lhuile-de-noyau-dabricot-et-a-la-rose\/","url":"https:\/\/selecla.fr\/index.php\/produit\/creme-visage-a-lhuile-de-noyau-dabricot-et-a-la-rose\/","name":"Cr\u00e8me visage soyeuse \u00e0 l\u2019huile de noyau d'abricot et \u00e0 la rose - Cr\u00e9atrice et fabricante de produits de beaut\u00e9","isPartOf":{"@id":"https:\/\/selecla.fr\/#website"},"primaryImageOfPage":{"@id":"https:\/\/selecla.fr\/index.php\/produit\/creme-visage-a-lhuile-de-noyau-dabricot-et-a-la-rose\/#primaryimage"},"image":{"@id":"https:\/\/selecla.fr\/index.php\/produit\/creme-visage-a-lhuile-de-noyau-dabricot-et-a-la-rose\/#primaryimage"},"thumbnailUrl":"https:\/\/i0.wp.com\/selecla.fr\/wp-content\/uploads\/2024\/01\/2024011711450981.jpg?fit=1024%2C1024&ssl=1","datePublished":"2023-05-10T06:36:51+00:00","dateModified":"2025-03-25T18:14:48+00:00","breadcrumb":{"@id":"https:\/\/selecla.fr\/index.php\/produit\/creme-visage-a-lhuile-de-noyau-dabricot-et-a-la-rose\/#breadcrumb"},"inLanguage":"fr-FR","potentialAction":[{"@type":"ReadAction","target":["https:\/\/selecla.fr\/index.php\/produit\/creme-visage-a-lhuile-de-noyau-dabricot-et-a-la-rose\/"]}]},{"@type":"ImageObject","inLanguage":"fr-FR","@id":"https:\/\/selecla.fr\/index.php\/produit\/creme-visage-a-lhuile-de-noyau-dabricot-et-a-la-rose\/#primaryimage","url":"https:\/\/i0.wp.com\/selecla.fr\/wp-content\/uploads\/2024\/01\/2024011711450981.jpg?fit=1024%2C1024&ssl=1","contentUrl":"https:\/\/i0.wp.com\/selecla.fr\/wp-content\/uploads\/2024\/01\/2024011711450981.jpg?fit=1024%2C1024&ssl=1","width":1024,"height":1024},{"@type":"BreadcrumbList","@id":"https:\/\/selecla.fr\/index.php\/produit\/creme-visage-a-lhuile-de-noyau-dabricot-et-a-la-rose\/#breadcrumb","itemListElement":[{"@type":"ListItem","position":1,"name":"Boutique","item":"https:\/\/selecla.fr\/"},{"@type":"ListItem","position":2,"name":"LA BOUTIQUE","item":"https:\/\/selecla.fr\/"},{"@type":"ListItem","position":3,"name":"Cr\u00e8me visage soyeuse \u00e0 l\u2019huile de noyau d&rsquo;abricot et \u00e0 la rose"}]},{"@type":"WebSite","@id":"https:\/\/selecla.fr\/#website","url":"https:\/\/selecla.fr\/","name":"Cr\u00e9atrice et fabricante de produits de beaut\u00e9","description":"Fabrication artisanale   en Provence","publisher":{"@id":"https:\/\/selecla.fr\/#organization"},"potentialAction":[{"@type":"SearchAction","target":{"@type":"EntryPoint","urlTemplate":"https:\/\/selecla.fr\/?s={search_term_string}"},"query-input":{"@type":"PropertyValueSpecification","valueRequired":true,"valueName":"search_term_string"}}],"inLanguage":"fr-FR"},{"@type":"Organization","@id":"https:\/\/selecla.fr\/#organization","name":"Cr\u00e9atrice et fabricante de produits de beaut\u00e9","url":"https:\/\/selecla.fr\/","logo":{"@type":"ImageObject","inLanguage":"fr-FR","@id":"https:\/\/selecla.fr\/#\/schema\/logo\/image\/","url":"https:\/\/i0.wp.com\/selecla.fr\/wp-content\/uploads\/2025\/12\/cropped-SELECLA_LOGO_WHITE_2048_CROP.png?fit=747%2C250&ssl=1","contentUrl":"https:\/\/i0.wp.com\/selecla.fr\/wp-content\/uploads\/2025\/12\/cropped-SELECLA_LOGO_WHITE_2048_CROP.png?fit=747%2C250&ssl=1","width":747,"height":250,"caption":"Cr\u00e9atrice et fabricante de produits de beaut\u00e9"},"image":{"@id":"https:\/\/selecla.fr\/#\/schema\/logo\/image\/"}}]}},"jetpack_sharing_enabled":true,"_links":{"self":[{"href":"https:\/\/selecla.fr\/index.php\/wp-json\/wp\/v2\/product\/779","targetHints":{"allow":["GET"]}}],"collection":[{"href":"https:\/\/selecla.fr\/index.php\/wp-json\/wp\/v2\/product"}],"about":[{"href":"https:\/\/selecla.fr\/index.php\/wp-json\/wp\/v2\/types\/product"}],"replies":[{"embeddable":true,"href":"https:\/\/selecla.fr\/index.php\/wp-json\/wp\/v2\/comments?post=779"}],"wp:featuredmedia":[{"embeddable":true,"href":"https:\/\/selecla.fr\/index.php\/wp-json\/wp\/v2\/media\/842"}],"wp:attachment":[{"href":"https:\/\/selecla.fr\/index.php\/wp-json\/wp\/v2\/media?parent=779"}],"wp:term":[{"taxonomy":"product_brand","embeddable":true,"href":"https:\/\/selecla.fr\/index.php\/wp-json\/wp\/v2\/product_brand?post=779"},{"taxonomy":"product_cat","embeddable":true,"href":"https:\/\/selecla.fr\/index.php\/wp-json\/wp\/v2\/product_cat?post=779"},{"taxonomy":"product_tag","embeddable":true,"href":"https:\/\/selecla.fr\/index.php\/wp-json\/wp\/v2\/product_tag?post=779"}],"curies":[{"name":"wp","href":"https:\/\/api.w.org\/{rel}","templated":true}]}}