{"id":781,"date":"2023-05-10T09:36:20","date_gmt":"2023-05-10T07:36:20","guid":{"rendered":"https:\/\/selecla.fr\/?post_type=product&#038;p=781"},"modified":"2023-06-05T11:37:11","modified_gmt":"2023-06-05T09:37:11","slug":"fluide-visage-bonne-mine","status":"publish","type":"product","link":"https:\/\/selecla.fr\/index.php\/produit\/fluide-visage-bonne-mine\/","title":{"rendered":"Fluide visage bonne mine"},"content":{"rendered":"<h2><\/h2>\n<p><span style=\"color: #f29052;\"><strong>Fluide visage effet bonne mine<\/strong><\/span><\/p>\n<p><strong>Pr\u00e9sentation<\/strong><\/p>\n<p>Ce fluide visage se compose de mac\u00e9rat de carotte, d&rsquo;huile v\u00e9g\u00e9tale de prune et d&rsquo;hydrolat de fleurs d&rsquo;oranger de qualit\u00e9 biologiques aux multiples vertus :<\/p>\n<p><strong><span style=\"color: #339966;\">Le mac\u00e9rat de carotte<\/span><\/strong> favorise le bronzage et apporte un l\u00e9ger teint hal\u00e9.<\/p>\n<p><strong><span style=\"color: #339966;\">L&rsquo;huile v\u00e9g\u00e9tale d&rsquo;amandon de prune<\/span><\/strong> est assouplissante et anti-oxydante, elle permet de lutter contre les signes de l&rsquo;\u00e2ge et illumine le teint.<\/p>\n<p><strong><span style=\"color: #339966;\">L&rsquo;hydolat de fleurs d&rsquo;oranger<\/span><\/strong> est apaisant et apporte de l&rsquo;\u00e9clat \u00e0 la peau.<\/p>\n<p><a href=\"https:\/\/selecla.fr\/index.php\/page-d-exemple\/\">Les huiles v\u00e9g\u00e9tales\u00a0 en cosm\u00e9tique : bienfaits et utilisations\u00a0<\/a><\/p>\n<p>&nbsp;<\/p>\n<p><strong>Profil<\/strong><\/p>\n<p>Texture : fluide et p\u00e9n\u00e9trante<\/p>\n<p>Odeur :\u00a0 floral<\/p>\n<p>Type de peaux : tout type de peau et \u00e0 tendance s\u00e8che<\/p>\n<p>Bienfaits des huiles :\u00a0 Hydratantes\/ <span style=\"font-size: 1rem;\">bonne mine<\/span><\/p>\n<p><strong>Conseils d\u2019utilisation\u00a0<\/strong><\/p>\n<p>D\u00e9poser une noisette de cr\u00e8me dans le creux de la main, et appliquer\u00a0 la sur le visage puis massez d\u00e9licatement jusqu\u2019\u00e0 p\u00e9n\u00e9tration du produit.<\/p>\n<p>Appliquez matin et \/ ou soir sur un visage parfaitement nettoy\u00e9.<\/p>\n<p><strong>Composition<\/strong><\/p>\n<p>INCI : Citrus aurantium amara flower water* , prunus domestica kernel oil*,<span style=\"font-size: 1rem;\">Helianthus annuus Oil*,\u00a0 daucu carota extract*<\/span> <span style=\"font-size: 1rem;\">, cetearyl olivate, sorbitan olivate, <\/span><span style=\"font-size: 1rem;\">glycerin<\/span><sup>1 <\/sup><span style=\"font-size: 1rem;\">, <\/span><span style=\"font-size: 1rem;\">\u00a0\u00a0<\/span><span style=\"font-size: 1rem;\">xylitylglucoside, aqua, anydroxylitol, xanthane gum, xylitol, tocopherol, deshydroacetic acid, benzyl alcohol, hydroyde de sodium .<\/span><\/p>\n<p>*\u00a0 Ingr\u00e9dients issus de l\u2019agriculture biologique<\/p>\n<p><sup>1 <\/sup>Fabriqu\u00e9 \u00e0 partir d\u2019ingr\u00e9dients biologiques<\/p>\n<p>99% du total des ingr\u00e9dients sont d\u2019origine naturelle<\/p>\n<p>90 % du total des ingr\u00e9dients issus de l\u2019Agriculture Biologique<\/p>\n","protected":false},"excerpt":{"rendered":"<p><span style=\"color: #000000;\">Fluide de texture fra\u00eeche, recommand\u00e9 pour les peaux en manque d&rsquo;\u00e9clat et \/ ou pour les peaux grasses.<\/span><\/p>\n<p>Il apaise et hydrate votre visage tout en lui conf\u00e9rant un joli teint.<\/p>\n<p>Volume : 30 ml<\/p>\n","protected":false},"featured_media":342,"comment_status":"open","ping_status":"closed","template":"","meta":[],"product_brand":[],"product_cat":[23,24],"product_tag":[],"class_list":{"0":"post-781","1":"product","2":"type-product","3":"status-publish","4":"has-post-thumbnail","6":"product_cat-soins-du-visage","7":"product_cat-tous-les-soins","9":"first","10":"instock","11":"shipping-taxable","12":"purchasable","13":"product-type-simple"},"yoast_head":"<!-- This site is optimized with the Yoast SEO plugin v27.4 - https:\/\/yoast.com\/product\/yoast-seo-wordpress\/ -->\n<title>Fluide visage bonne mine - Cr\u00e9atrice et fabricante de produits de beaut\u00e9<\/title>\n<meta name=\"robots\" content=\"index, follow, max-snippet:-1, max-image-preview:large, max-video-preview:-1\" \/>\n<link rel=\"canonical\" href=\"https:\/\/selecla.fr\/index.php\/produit\/fluide-visage-bonne-mine\/\" \/>\n<meta property=\"og:locale\" content=\"fr_FR\" \/>\n<meta property=\"og:type\" content=\"article\" \/>\n<meta property=\"og:title\" content=\"Fluide visage bonne mine - Cr\u00e9atrice et fabricante de produits de beaut\u00e9\" \/>\n<meta property=\"og:description\" content=\"Fluide de texture fra\u00eeche, recommand\u00e9 pour les peaux en manque d&#039;\u00e9clat et \/ ou pour les peaux grasses.  Il apaise et hydrate votre visage tout en lui conf\u00e9rant un joli teint.  Volume : 30 ml\" \/>\n<meta property=\"og:url\" content=\"https:\/\/selecla.fr\/index.php\/produit\/fluide-visage-bonne-mine\/\" \/>\n<meta property=\"og:site_name\" content=\"Cr\u00e9atrice et fabricante de produits de beaut\u00e9\" \/>\n<meta property=\"article:modified_time\" content=\"2023-06-05T09:37:11+00:00\" \/>\n<meta property=\"og:image\" content=\"https:\/\/selecla.fr\/wp-content\/uploads\/2021\/05\/IMG_9554-scaled.jpg\" \/>\n\t<meta property=\"og:image:width\" content=\"2560\" \/>\n\t<meta property=\"og:image:height\" content=\"1707\" \/>\n\t<meta property=\"og:image:type\" content=\"image\/jpeg\" \/>\n<meta name=\"twitter:card\" content=\"summary_large_image\" \/>\n<meta name=\"twitter:label1\" content=\"Dur\u00e9e de lecture estim\u00e9e\" \/>\n\t<meta name=\"twitter:data1\" content=\"2 minutes\" \/>\n<script type=\"application\/ld+json\" class=\"yoast-schema-graph\">{\"@context\":\"https:\\\/\\\/schema.org\",\"@graph\":[{\"@type\":\"WebPage\",\"@id\":\"https:\\\/\\\/selecla.fr\\\/index.php\\\/produit\\\/fluide-visage-bonne-mine\\\/\",\"url\":\"https:\\\/\\\/selecla.fr\\\/index.php\\\/produit\\\/fluide-visage-bonne-mine\\\/\",\"name\":\"Fluide visage bonne mine - Cr\u00e9atrice et fabricante de produits de beaut\u00e9\",\"isPartOf\":{\"@id\":\"https:\\\/\\\/selecla.fr\\\/#website\"},\"primaryImageOfPage\":{\"@id\":\"https:\\\/\\\/selecla.fr\\\/index.php\\\/produit\\\/fluide-visage-bonne-mine\\\/#primaryimage\"},\"image\":{\"@id\":\"https:\\\/\\\/selecla.fr\\\/index.php\\\/produit\\\/fluide-visage-bonne-mine\\\/#primaryimage\"},\"thumbnailUrl\":\"https:\\\/\\\/i0.wp.com\\\/selecla.fr\\\/wp-content\\\/uploads\\\/2021\\\/05\\\/IMG_9554-scaled.jpg?fit=2560%2C1707&ssl=1\",\"datePublished\":\"2023-05-10T07:36:20+00:00\",\"dateModified\":\"2023-06-05T09:37:11+00:00\",\"breadcrumb\":{\"@id\":\"https:\\\/\\\/selecla.fr\\\/index.php\\\/produit\\\/fluide-visage-bonne-mine\\\/#breadcrumb\"},\"inLanguage\":\"fr-FR\",\"potentialAction\":[{\"@type\":\"ReadAction\",\"target\":[\"https:\\\/\\\/selecla.fr\\\/index.php\\\/produit\\\/fluide-visage-bonne-mine\\\/\"]}]},{\"@type\":\"ImageObject\",\"inLanguage\":\"fr-FR\",\"@id\":\"https:\\\/\\\/selecla.fr\\\/index.php\\\/produit\\\/fluide-visage-bonne-mine\\\/#primaryimage\",\"url\":\"https:\\\/\\\/i0.wp.com\\\/selecla.fr\\\/wp-content\\\/uploads\\\/2021\\\/05\\\/IMG_9554-scaled.jpg?fit=2560%2C1707&ssl=1\",\"contentUrl\":\"https:\\\/\\\/i0.wp.com\\\/selecla.fr\\\/wp-content\\\/uploads\\\/2021\\\/05\\\/IMG_9554-scaled.jpg?fit=2560%2C1707&ssl=1\",\"width\":2560,\"height\":1707},{\"@type\":\"BreadcrumbList\",\"@id\":\"https:\\\/\\\/selecla.fr\\\/index.php\\\/produit\\\/fluide-visage-bonne-mine\\\/#breadcrumb\",\"itemListElement\":[{\"@type\":\"ListItem\",\"position\":1,\"name\":\"Boutique\",\"item\":\"https:\\\/\\\/selecla.fr\\\/\"},{\"@type\":\"ListItem\",\"position\":2,\"name\":\"LA BOUTIQUE\",\"item\":\"https:\\\/\\\/selecla.fr\\\/\"},{\"@type\":\"ListItem\",\"position\":3,\"name\":\"Fluide visage bonne mine\"}]},{\"@type\":\"WebSite\",\"@id\":\"https:\\\/\\\/selecla.fr\\\/#website\",\"url\":\"https:\\\/\\\/selecla.fr\\\/\",\"name\":\"Cr\u00e9atrice et fabricante de produits de beaut\u00e9\",\"description\":\"Fabrication artisanale   en Provence\",\"publisher\":{\"@id\":\"https:\\\/\\\/selecla.fr\\\/#organization\"},\"potentialAction\":[{\"@type\":\"SearchAction\",\"target\":{\"@type\":\"EntryPoint\",\"urlTemplate\":\"https:\\\/\\\/selecla.fr\\\/?s={search_term_string}\"},\"query-input\":{\"@type\":\"PropertyValueSpecification\",\"valueRequired\":true,\"valueName\":\"search_term_string\"}}],\"inLanguage\":\"fr-FR\"},{\"@type\":\"Organization\",\"@id\":\"https:\\\/\\\/selecla.fr\\\/#organization\",\"name\":\"Cr\u00e9atrice et fabricante de produits de beaut\u00e9\",\"url\":\"https:\\\/\\\/selecla.fr\\\/\",\"logo\":{\"@type\":\"ImageObject\",\"inLanguage\":\"fr-FR\",\"@id\":\"https:\\\/\\\/selecla.fr\\\/#\\\/schema\\\/logo\\\/image\\\/\",\"url\":\"https:\\\/\\\/i0.wp.com\\\/selecla.fr\\\/wp-content\\\/uploads\\\/2025\\\/12\\\/cropped-SELECLA_LOGO_WHITE_2048_CROP.png?fit=747%2C250&ssl=1\",\"contentUrl\":\"https:\\\/\\\/i0.wp.com\\\/selecla.fr\\\/wp-content\\\/uploads\\\/2025\\\/12\\\/cropped-SELECLA_LOGO_WHITE_2048_CROP.png?fit=747%2C250&ssl=1\",\"width\":747,\"height\":250,\"caption\":\"Cr\u00e9atrice et fabricante de produits de beaut\u00e9\"},\"image\":{\"@id\":\"https:\\\/\\\/selecla.fr\\\/#\\\/schema\\\/logo\\\/image\\\/\"}}]}<\/script>\n<!-- \/ Yoast SEO plugin. -->","yoast_head_json":{"title":"Fluide visage bonne mine - Cr\u00e9atrice et fabricante de produits de beaut\u00e9","robots":{"index":"index","follow":"follow","max-snippet":"max-snippet:-1","max-image-preview":"max-image-preview:large","max-video-preview":"max-video-preview:-1"},"canonical":"https:\/\/selecla.fr\/index.php\/produit\/fluide-visage-bonne-mine\/","og_locale":"fr_FR","og_type":"article","og_title":"Fluide visage bonne mine - Cr\u00e9atrice et fabricante de produits de beaut\u00e9","og_description":"Fluide de texture fra\u00eeche, recommand\u00e9 pour les peaux en manque d'\u00e9clat et \/ ou pour les peaux grasses.  Il apaise et hydrate votre visage tout en lui conf\u00e9rant un joli teint.  Volume : 30 ml","og_url":"https:\/\/selecla.fr\/index.php\/produit\/fluide-visage-bonne-mine\/","og_site_name":"Cr\u00e9atrice et fabricante de produits de beaut\u00e9","article_modified_time":"2023-06-05T09:37:11+00:00","og_image":[{"width":2560,"height":1707,"url":"https:\/\/selecla.fr\/wp-content\/uploads\/2021\/05\/IMG_9554-scaled.jpg","type":"image\/jpeg"}],"twitter_card":"summary_large_image","twitter_misc":{"Dur\u00e9e de lecture estim\u00e9e":"2 minutes"},"schema":{"@context":"https:\/\/schema.org","@graph":[{"@type":"WebPage","@id":"https:\/\/selecla.fr\/index.php\/produit\/fluide-visage-bonne-mine\/","url":"https:\/\/selecla.fr\/index.php\/produit\/fluide-visage-bonne-mine\/","name":"Fluide visage bonne mine - Cr\u00e9atrice et fabricante de produits de beaut\u00e9","isPartOf":{"@id":"https:\/\/selecla.fr\/#website"},"primaryImageOfPage":{"@id":"https:\/\/selecla.fr\/index.php\/produit\/fluide-visage-bonne-mine\/#primaryimage"},"image":{"@id":"https:\/\/selecla.fr\/index.php\/produit\/fluide-visage-bonne-mine\/#primaryimage"},"thumbnailUrl":"https:\/\/i0.wp.com\/selecla.fr\/wp-content\/uploads\/2021\/05\/IMG_9554-scaled.jpg?fit=2560%2C1707&ssl=1","datePublished":"2023-05-10T07:36:20+00:00","dateModified":"2023-06-05T09:37:11+00:00","breadcrumb":{"@id":"https:\/\/selecla.fr\/index.php\/produit\/fluide-visage-bonne-mine\/#breadcrumb"},"inLanguage":"fr-FR","potentialAction":[{"@type":"ReadAction","target":["https:\/\/selecla.fr\/index.php\/produit\/fluide-visage-bonne-mine\/"]}]},{"@type":"ImageObject","inLanguage":"fr-FR","@id":"https:\/\/selecla.fr\/index.php\/produit\/fluide-visage-bonne-mine\/#primaryimage","url":"https:\/\/i0.wp.com\/selecla.fr\/wp-content\/uploads\/2021\/05\/IMG_9554-scaled.jpg?fit=2560%2C1707&ssl=1","contentUrl":"https:\/\/i0.wp.com\/selecla.fr\/wp-content\/uploads\/2021\/05\/IMG_9554-scaled.jpg?fit=2560%2C1707&ssl=1","width":2560,"height":1707},{"@type":"BreadcrumbList","@id":"https:\/\/selecla.fr\/index.php\/produit\/fluide-visage-bonne-mine\/#breadcrumb","itemListElement":[{"@type":"ListItem","position":1,"name":"Boutique","item":"https:\/\/selecla.fr\/"},{"@type":"ListItem","position":2,"name":"LA BOUTIQUE","item":"https:\/\/selecla.fr\/"},{"@type":"ListItem","position":3,"name":"Fluide visage bonne mine"}]},{"@type":"WebSite","@id":"https:\/\/selecla.fr\/#website","url":"https:\/\/selecla.fr\/","name":"Cr\u00e9atrice et fabricante de produits de beaut\u00e9","description":"Fabrication artisanale   en Provence","publisher":{"@id":"https:\/\/selecla.fr\/#organization"},"potentialAction":[{"@type":"SearchAction","target":{"@type":"EntryPoint","urlTemplate":"https:\/\/selecla.fr\/?s={search_term_string}"},"query-input":{"@type":"PropertyValueSpecification","valueRequired":true,"valueName":"search_term_string"}}],"inLanguage":"fr-FR"},{"@type":"Organization","@id":"https:\/\/selecla.fr\/#organization","name":"Cr\u00e9atrice et fabricante de produits de beaut\u00e9","url":"https:\/\/selecla.fr\/","logo":{"@type":"ImageObject","inLanguage":"fr-FR","@id":"https:\/\/selecla.fr\/#\/schema\/logo\/image\/","url":"https:\/\/i0.wp.com\/selecla.fr\/wp-content\/uploads\/2025\/12\/cropped-SELECLA_LOGO_WHITE_2048_CROP.png?fit=747%2C250&ssl=1","contentUrl":"https:\/\/i0.wp.com\/selecla.fr\/wp-content\/uploads\/2025\/12\/cropped-SELECLA_LOGO_WHITE_2048_CROP.png?fit=747%2C250&ssl=1","width":747,"height":250,"caption":"Cr\u00e9atrice et fabricante de produits de beaut\u00e9"},"image":{"@id":"https:\/\/selecla.fr\/#\/schema\/logo\/image\/"}}]}},"jetpack_sharing_enabled":true,"_links":{"self":[{"href":"https:\/\/selecla.fr\/index.php\/wp-json\/wp\/v2\/product\/781","targetHints":{"allow":["GET"]}}],"collection":[{"href":"https:\/\/selecla.fr\/index.php\/wp-json\/wp\/v2\/product"}],"about":[{"href":"https:\/\/selecla.fr\/index.php\/wp-json\/wp\/v2\/types\/product"}],"replies":[{"embeddable":true,"href":"https:\/\/selecla.fr\/index.php\/wp-json\/wp\/v2\/comments?post=781"}],"wp:featuredmedia":[{"embeddable":true,"href":"https:\/\/selecla.fr\/index.php\/wp-json\/wp\/v2\/media\/342"}],"wp:attachment":[{"href":"https:\/\/selecla.fr\/index.php\/wp-json\/wp\/v2\/media?parent=781"}],"wp:term":[{"taxonomy":"product_brand","embeddable":true,"href":"https:\/\/selecla.fr\/index.php\/wp-json\/wp\/v2\/product_brand?post=781"},{"taxonomy":"product_cat","embeddable":true,"href":"https:\/\/selecla.fr\/index.php\/wp-json\/wp\/v2\/product_cat?post=781"},{"taxonomy":"product_tag","embeddable":true,"href":"https:\/\/selecla.fr\/index.php\/wp-json\/wp\/v2\/product_tag?post=781"}],"curies":[{"name":"wp","href":"https:\/\/api.w.org\/{rel}","templated":true}]}}